42. Calculate the remainder when h is divided by 26 - (6/(-8) - (-403)/(-124)).
27
Let u(o) = 1361*o - 2467. Calculate the remainder when 6119 is divided by u(2).
254
Calculate the remainder when 768/896 + 442/7 is divided by 25.
14
Let y be 9/15*5 + 0. Calculate the remainder when y*1167*2/18 is divided by 49.
46
Let w(z) = -z**2 - 223*z + 938. What is the remainder when w(4) is divided by (-2)/5 - 44/(-10)?
2
Let s = -92 + 96. Suppose i + s*v - 162 = 0, -2*i + 3*i - 4*v = 122. Calculate the remainder when i is divided by 36.
34
Suppose 20 = -25*l + 23*l. Let z be (-10)/(-4)*(-48)/l. What is the remainder when 32 is divided by 130/z - (-1)/6?
10
Let k(q) = 4*q**2 + 123*q + 633. Calculate the remainder when 29498 is divided by k(-5).
116
Let h be ((-33)/2)/(((-60)/(-16))/5). Let q = h - -19. What is the remainder when 3 + -5 + 0 + 80 + q is divided by 19?
18
What is the remainder when (231/132)/(1525/760 - 2) is divided by 85?
11
Let u(g) = 2*g**3 - g**2 - 6*g + 4. Let v be u(2). Suppose 2*i = 4*k + 756 - 110, v*k = 0. Calculate the remainder when i is divided by 54.
53
Let w = -13815 - -13971. Calculate the remainder when w is divided by 41.
33
Calculate the remainder when 301/9 - 76/171 is divided by 10 - ((-2 - (-1 - -4)) + 3).
9
Let f(k) = -k**3 - 21*k**2 - 46*k + 6. Let y be f(-19). Let c = -130 + y. Calculate the remainder when 109 is divided by c.
25
Let o(n) = -29*n + 83. Let c be o(3). Let g(y) = -2*y**3 - 5*y**2 - 2*y + 6. Calculate the remainder when g(c) is divided by (-1)/((-1)/22) + -1.
20
Suppose -3 - 3 = -2*u. Suppose -2*a = -j - 7, 4 = -a - u*j - 3. Suppose 45*i - 378 = -78*i + 81*i. What is the remainder when i is divided by a?
1
Let j(r) = 120*r**2 - 7*r + 32. Let i be j(5). Suppose 5*b - b - i = 3*z, -3*b - 5*z = -2226. Calculate the remainder when b is divided by 34.
33
Suppose -39*n = -9*n - 4470. Let s = n - 140. Calculate the remainder when 19 is divided by s.
1
Let n = -2790 + 3027. Calculate the remainder when n is divided by 103.
31
Suppose -7018 = -30*s + 8*s. What is the remainder when s is divided by 30/(-75) + (-404)/(-10)?
39
Suppose 109*t - 106*t = 4*x + 35, -5*x - 35 = -2*t. Calculate the remainder when 594 is divided by t.
4
What is the remainder when 422 is divided by 136 + -20 - -2*1?
68
Let q = 58 + -37. Let i(h) = 10*h**2 + 61*h - 23. Calculate the remainder when i(-7) is divided by q.
19
Let u = 902 - 497. Let t = 419 - u. What is the remainder when 48 is divided by t?
6
Suppose 0*b - 2*f - 14 = -b, -3*f = -3*b + 39. Let z = 117 + -117. Suppose z = 7*q - 3*q - 328. What is the remainder when q is divided by b?
10
Let x = 65 + -54. Let w = -94 + 33. Let g = 114 + w. Calculate the remainder when g is divided by x.
9
Suppose a + 3 = -2*a. Let g be (-3)/a*14/(-21) - -7. Suppose 0 = -g*j - 4*q + 92, 3*j - 4*j + 4*q + 4 = 0. What is the remainder when j is divided by 6?
4
Suppose 0 = 5*y + 2*s + 23 + 26, 0 = -3*y + 2*s - 23. Let c be 2 + -9 + 21 - 5. Let g = c - y. Calculate the remainder when 35 is divided by g.
17
Suppose i = -4*l + 18194, -2701*l + 5*i - 18218 = -2705*l. Calculate the remainder when l is divided by 6.
5
Let f(c) = 2*c**2 - 22*c + 23. Suppose 9*p - 143 = -4*p. What is the remainder when f(p) is divided by 10?
3
Suppose 12347 = 4*f + 45*r, -9*r + 13*r = 2*f - 6412. Calculate the remainder when f is divided by 114.
110
Let g(l) = 16*l**2 - 12*l + 16. Let m be g(2). Suppose m*c - 1913 = -9. What is the remainder when 134 is divided by c?
32
Suppose -695 = -5*n - 5*a, 2*n + 3*n + a = 691. Suppose -4*h + 43 = -11*i + 10*i, 5*i = -2*h + 5. What is the remainder when n is divided by h?
8
Suppose -880*a + 17440 = -1748*a + 884*a. What is the remainder when a is divided by 40?
10
Let j(i) = -10*i - 53. Let u be j(-5). Let l(c) = 3*c**2 - 9*c + 1. Let r be l(u). Let d = r - 42. What is the remainder when 63 is divided by d?
11
Let k = 1320 - 1053. Calculate the remainder when k is divided by 2.
1
Let a(d) = 6*d**3 - d**2 + 3*d - 2. Suppose 7 = 2*b - 3. Suppose -b*h - 2 = -172. Calculate the remainder when h is divided by a(1).
4
Let j(q) = -2*q**2 - 56*q + 24. Let i be j(-28). Suppose i*s = 2048 + 952. Calculate the remainder when s is divided by 35.
20
Let k(c) = 10*c**2 - 14*c + 12. Let b be k(8). Suppose 0*z - b = 3*z. Calculate the remainder when 71 is divided by (z/25)/(4/(-10)).
17
Let q = 15 + 0. Suppose -3*i - g = -6*i + 31, g - 53 = -4*i. Calculate the remainder when q is divided by (-16)/4 + i + (-4 - -2).
3
Let v(q) = q + 3. Calculate the remainder when -36 + 47 + (0 - -631) is divided by v(12).
12
Let h = -263 + 337. Suppose -76*g + h*g = -26. Calculate the remainder when 180 is divided by g.
11
Suppose 120561 - 112449 = 13*b. Calculate the remainder when 638 is divided by b.
14
Let y = -8 - -19. Let s = -222 - -225. Suppose w + 49 = 4*w + 2*a, -5*w = -s*a - 107. What is the remainder when w is divided by y?
8
Let l(f) = -629*f - 1561. What is the remainder when l(-3) is divided by 66?
62
Let i(f) = -25*f + 151. What is the remainder when i(-3) is divided by 160?
66
Let a(z) = -z**3 + z**2 - z + 7. Calculate the remainder when (-1340)/(-25) + (-108)/(-45) + -3 is divided by a(0).
4
Let r(c) = -143*c**3 - c**2 + 86*c**3 + 104*c**3 + 2*c. What is the remainder when r(1) is divided by 29?
19
Let n(a) = -2*a**3 + 45*a**2 - 178*a + 72. What is the remainder when n(14) is divided by 393?
126
Let q be ((-21)/(-6))/(((-22)/8)/(-11)). Let k = 27 - q. Calculate the remainder when k is divided by 8.
5
Let a(q) = -q**2 + 4*q - 4. Let s be a(2). Suppose -2*b + 3*b = s. Suppose -4*i = -b*i - 192. What is the remainder when i is divided by 10?
8
Let g(p) = -p**3 - 9*p**2 - 11*p - 12. Let s be 4/22 + 650/55. Let y = 4 - s. What is the remainder when 21 is divided by g(y)?
9
Let c(b) = -b**3 + 51*b**2 - 141*b - 124. What is the remainder when ((-2)/(-1))/((-4)/(-158)) is divided by c(48)?
19
Suppose 213 = 2*t + 193. Calculate the remainder when (164/t)/((-12)/(-30)) is divided by 15.
11
Let v = 26 - 24. Suppose 38 + 18 = v*x. What is the remainder when x is divided by (2/4)/(-2*(-2)/80)?
8
Let d = 809 + -169. Let g = -557 + d. Suppose -2*y - 42 = -3*u - 3*y, 0 = -4*y. Calculate the remainder when g is divided by u.
13
Let o(v) be the first derivative of v**4/4 + v**3/3 - v**2/2 - 3. Suppose -x + 41 = 5*y, -3*y + 88 = -x + 81. What is the remainder when o(4) is divided by x?
10
Suppose 0 = -k + 32 + 79. Suppose 2*b + 12*v - 14*v - 42 = 0, -2*b - v + 21 = 0. What is the remainder when k is divided by b?
13
Suppose -3*o = -2*g - o - 300, 0 = -3*g - o - 466. Let k = g + 359. What is the remainder when k is divided by 53?
46
Calculate the remainder when (0 - -28)*46/46 is divided by 20.
8
Let h = 3094 + -2431. What is the remainder when h is divided by 254?
155
Let v = -1187 + 1578. What is the remainder when v is divided by 146?
99
What is the remainder when 592 is divided by ((-10)/(-4) + -3)/((-40)/(-240)) - -137?
56
Suppose -45*c + 35311 + 7439 = 0. Calculate the remainder when c is divided by 87.
80
Suppose -49 + 18 = -w. Suppose 15 = 3*r - a, -6 = 5*r - 4*a - w. Suppose -r*j = -0*j - 795. What is the remainder when j is divided by 16?
15
Let w = 249 + -245. Suppose 23 - 158 = -5*o - 2*i, -w*i - 54 = -2*o. What is the remainder when 41 is divided by o?
14
Let h = 11 - 38. Let f = -20 - h. Let n(x) = -x**3 + 6*x**2 + 9*x - 3. What is the remainder when 41 is divided by n(f)?
8
Suppose 5*o - 5*m - 15 = 0, 0*o + o = 5*m + 23. What is the remainder when (((-126)/8)/21)/(o/96) is divided by 13?
10
Let r(u) = 42*u - 83. Let m be r(4). Suppose -3*p + 4*k = -48 + 11, -5*p - 5*k + m = 0. Suppose 0 = c - 8. What is the remainder when p is divided by c?
7
Suppose -2*w = 5*b - 57, -3*b + b + w + 12 = 0. Suppose 3*q + 4*z - 15 = 0, 0 = 2*q + 2*q + z - 7. What is the remainder when b is divided by q?
0
Let u = 5451 - 5029. What is the remainder when u is divided by 40?
22
Let n = -121442 + 121480. Let c = -199 + 310. What is the remainder when c is divided by n?
35
Suppose -8*z + 1970 = 5*z - 3*z. What is the remainder when z is divided by 69?
59
Suppose 140*q - 90*q = 534 + 766. Calculate the remainder when 5507 is divided by q.
21
Let q = -184 + 215. Suppose 0 = h - 7 + 4. What is the remainder when q is divided 